{"id":7332,"date":"2018-05-15T09:24:32","date_gmt":"2018-05-15T07:24:32","guid":{"rendered":"http:\/\/songkol.com\/WordPress3\/?page_id=7332"},"modified":"2018-05-15T09:26:48","modified_gmt":"2018-05-15T07:26:48","slug":"transformateur-convertisseur-110-220v","status":"publish","type":"page","link":"http:\/\/songkol.com\/WordPress3\/preparation\/transformateur-convertisseur-110-220v\/","title":{"rendered":"Transformateur convertisseur 110-220V"},"content":{"rendered":"<p><strong>Du sud au nord, le 220V est disponible jusqu&rsquo;en Equateur (o\u00f9 on trouve surtout du 110V) puis plus du tout jusqu&rsquo;en Alaska. Choisissez un appareil dont la puissance nominale est sup\u00e9rieure \u00e0 vos besoins.<\/strong><\/p>\n<h3><span style=\"color: #993300;\">Attention \u00e0 l\u2019appel de charge de vos appareils<\/span><\/h3>\n<p><img data-attachment-id=\"7333\" data-permalink=\"http:\/\/songkol.com\/WordPress3\/preparation\/transformateur-convertisseur-110-220v\/110-220v\/\" data-orig-file=\"https:\/\/i0.wp.com\/songkol.com\/WordPress3\/wp-content\/uploads\/2018\/05\/110-220v.png?fit=885%2C537\" data-orig-size=\"885,537\" data-comments-opened=\"1\" data-image-meta=\"{&quot;aperture&quot;:&quot;0&quot;,&quot;credit&quot;:&quot;&quot;,&quot;camera&quot;:&quot;&quot;,&quot;caption&quot;:&quot;&quot;,&quot;created_timestamp&quot;:&quot;0&quot;,&quot;copyright&quot;:&quot;&quot;,&quot;focal_length&quot;:&quot;0&quot;,&quot;iso&quot;:&quot;0&quot;,&quot;shutter_speed&quot;:&quot;0&quot;,&quot;title&quot;:&quot;&quot;,&quot;orientation&quot;:&quot;0&quot;}\" data-image-title=\"110-220v dans le monde\" data-image-description=\"\" data-image-caption=\"\" data-medium-file=\"https:\/\/i0.wp.com\/songkol.com\/WordPress3\/wp-content\/uploads\/2018\/05\/110-220v.png?fit=300%2C182\" data-large-file=\"https:\/\/i0.wp.com\/songkol.com\/WordPress3\/wp-content\/uploads\/2018\/05\/110-220v.png?fit=768%2C466\" loading=\"lazy\" class=\"size-medium wp-image-7333 alignright\" src=\"https:\/\/i0.wp.com\/songkol.com\/WordPress3\/wp-content\/uploads\/2018\/05\/110-220v.png?resize=300%2C182\" alt=\"\" width=\"300\" height=\"182\" srcset=\"https:\/\/i0.wp.com\/songkol.com\/WordPress3\/wp-content\/uploads\/2018\/05\/110-220v.png?resize=300%2C182 300w, https:\/\/i0.wp.com\/songkol.com\/WordPress3\/wp-content\/uploads\/2018\/05\/110-220v.png?resize=768%2C466 768w, https:\/\/i0.wp.com\/songkol.com\/WordPress3\/wp-content\/uploads\/2018\/05\/110-220v.png?w=885 885w\" sizes=\"(max-width: 300px) 100vw, 300px\" data-recalc-dims=\"1\" \/>Il existe deux types d&rsquo;appareils qui ont des besoins radicalement diff\u00e9rents au d\u00e9marrage :<br \/>\n&#8211; ceux qui n\u2019ont pas d\u2019appel de charge : la consommation est \u00e9gale \u00e0 la puissance nominale annonc\u00e9e.<br \/>\n&#8211; ceux qui consomment au d\u00e9marrage plus que leur puissance nominale : de 1,5 \u00e0 3 fois ! C&rsquo;est le cas de r\u00e9frig\u00e9rateurs, climatiseurs, compresseurs, outils \u00e9lectriques,\u2026<br \/>\nVous devez donc choisir un transformateur de voltage dont la puissance nominale (et non la puissance de cr\u00eate \u2013 qui n\u2019est qu\u2019une puissance de s\u00e9curit\u00e9) couvre cet appel de charge.<\/p>\n<h3><span style=\"color: #993300;\">Protections<\/span><\/h3>\n<p>V\u00e9rifiez que l&rsquo;appareil soit prot\u00e9g\u00e9 contre les surcharges.\u00a0Choisissez un transfo r\u00e9gulateur, sinon les variations importantes du courant secteur en Am\u00e9rique du sud &amp; centrale peuvent endommager votre onduleur\/chargeur.<\/p>\n","protected":false},"excerpt":{"rendered":"<p>Du sud au nord, le 220V est disponible jusqu&rsquo;en Equateur (o\u00f9 on trouve surtout du 110V) puis plus du tout jusqu&rsquo;en Alaska. Choisissez un appareil dont la puissance nominale est sup\u00e9rieure \u00e0 vos besoins. Attention \u00e0 l\u2019appel de charge de vos appareils Il existe deux types d&rsquo;appareils qui ont des besoins radicalement diff\u00e9rents au d\u00e9marrage [&hellip;]<\/p>\n","protected":false},"author":2,"featured_media":0,"parent":40,"menu_order":5,"comment_status":"closed","ping_status":"closed","template":"","meta":{"spay_email":""},"jetpack_sharing_enabled":true,"jetpack_shortlink":"https:\/\/wp.me\/P4uy6M-1Ug","jetpack_likes_enabled":true,"_links":{"self":[{"href":"http:\/\/songkol.com\/WordPress3\/wp-json\/wp\/v2\/pages\/7332"}],"collection":[{"href":"http:\/\/songkol.com\/WordPress3\/wp-json\/wp\/v2\/pages"}],"about":[{"href":"http:\/\/songkol.com\/WordPress3\/wp-json\/wp\/v2\/types\/page"}],"author":[{"embeddable":true,"href":"http:\/\/songkol.com\/WordPress3\/wp-json\/wp\/v2\/users\/2"}],"replies":[{"embeddable":true,"href":"http:\/\/songkol.com\/WordPress3\/wp-json\/wp\/v2\/comments?post=7332"}],"version-history":[{"count":3,"href":"http:\/\/songkol.com\/WordPress3\/wp-json\/wp\/v2\/pages\/7332\/revisions"}],"predecessor-version":[{"id":7336,"href":"http:\/\/songkol.com\/WordPress3\/wp-json\/wp\/v2\/pages\/7332\/revisions\/7336"}],"up":[{"embeddable":true,"href":"http:\/\/songkol.com\/WordPress3\/wp-json\/wp\/v2\/pages\/40"}],"wp:attachment":[{"href":"http:\/\/songkol.com\/WordPress3\/wp-json\/wp\/v2\/media?parent=7332"}],"curies":[{"name":"wp","href":"https:\/\/api.w.org\/{rel}","templated":true}]}}