{"id":6889,"date":"2016-06-21T09:13:52","date_gmt":"2016-06-21T07:13:52","guid":{"rendered":"http:\/\/songkol.com\/WordPress3\/?page_id=6889"},"modified":"2018-06-28T11:26:01","modified_gmt":"2018-06-28T09:26:01","slug":"acheter-am-sud","status":"publish","type":"page","link":"http:\/\/songkol.com\/WordPress3\/preparation\/acheter-am-sud\/","title":{"rendered":"Acheter en Am. sud et du nord"},"content":{"rendered":"<p>Si vous \u00eates sur cette page c&rsquo;est que vous avez d\u00e9j\u00e0 pes\u00e9 le pour et le contre d&rsquo;un achat en Europe ou sur place (cf notre page <a href=\"http:\/\/songkol.com\/WordPress3\/preparation\/acheter-europe-amerique\/\">Acheter en Europe ou en Am\u00e9rique<\/a>). Les 4&#215;4 sont pr\u00e9sents partout mais les camping-car \u00e0 l&rsquo;europ\u00e9enne existent peu en Am\u00e9rique du Sud sauf, \u00e0 la marge, en Argentine, Br\u00e9sil et au Chili. L&rsquo;un des constructeurs sud-am\u00e9ricain de r\u00e9f\u00e9rence (camping-car, RV et pickup-cellule) est\u00a0<strong><a href=\"http:\/\/www.gibertcar.com\" target=\"_blank\" rel=\"noopener noreferrer\">Gibert Car<\/a><\/strong> \u00e0 Cordoba (Argentine) qui a ce savoir-faire et qui peut donc vous d\u00e9panner en cas de soucis (exp\u00e9rience v\u00e9cue). Le patron a lui-m\u00eame fait un\u00a0voyage jusqu&rsquo;en Alaska. Voici quelques conseils pour le choix et les caract\u00e9ristiques du\u00a0v\u00e9hicule adapt\u00e9 \u00e0\u00a0votre programme :<br \/>\n&#8211;\u00a0<a class=\"bump-view\" href=\"http:\/\/songkol.com\/WordPress3\/preparation\/choix-du-vehicule\/\" data-bump-view=\"tp\">Choix du v\u00e9hicule<\/a><br \/>\n&#8211;\u00a0<a class=\"bump-view\" href=\"http:\/\/songkol.com\/WordPress3\/preparation\/choix-du-vehicule\/traction-ou-propulsion\/\" data-bump-view=\"tp\">Traction ou propulsion ?<br \/>\n<\/a>&#8211;\u00a0<a href=\"http:\/\/songkol.com\/WordPress3\/preparation\/a-penser-avant-la-preparation\/\">cl\u00e9s de la pr\u00e9paration de votre v\u00e9hicule<\/a><\/p>\n<h3><span id=\"Un_conseil_pour_ceux_qui_vont_de_lrsquoAm_Nord_vers_lrsquoAm_Sud_en_plus_drsquoun_an\">Un conseil pour ceux qui vont de l&rsquo;Am. Nord vers l&rsquo;Am. Sud en plus d&rsquo;un an<\/span><\/h3><div id=\"toc_container\" class=\"toc_wrap_right no_bullets\"><p class=\"toc_title\">Sommaire<\/p><ul class=\"toc_list\"><li><a href=\"#Un_conseil_pour_ceux_qui_vont_de_lrsquoAm_Nord_vers_lrsquoAm_Sud_en_plus_drsquoun_an\"><span class=\"toc_number toc_depth_1\">1<\/span> Un conseil pour ceux qui vont de l&rsquo;Am. Nord vers l&rsquo;Am. Sud en plus d&rsquo;un an<\/a><\/li><li><a href=\"#Acheter_un_vehicule_immatricule_en_France\"><span class=\"toc_number toc_depth_1\">2<\/span> Acheter un v\u00e9hicule immatricul\u00e9 en France<\/a><\/li><li><a href=\"#Acheter_en_Am_Sudun_vehicule_plaque_local\"><span class=\"toc_number toc_depth_1\">3<\/span> Acheter en Am Sud\u00a0un v\u00e9hicule plaqu\u00e9 local<\/a><\/li><li><a href=\"#Acheter_aux_USA_un_vehicule_immatricule_auxUSA\"><span class=\"toc_number toc_depth_1\">4<\/span> Acheter aux USA un v\u00e9hicule immatricul\u00e9 aux\u00a0USA<\/a><\/li><li><a href=\"#Ou_trouver_ces_vehicules_en_Amerique_du_sudnord_et_centrale\"><span class=\"toc_number toc_depth_1\">5<\/span> O\u00f9 trouver ces v\u00e9hicules en Am\u00e9rique du sud,\u00a0nord et centrale ?<\/a><\/li><\/ul><\/div>\n\n<p>Achetez un grand RV au nord que vous revendrez en Am. Centrale puis un autre plus petit en AmSud. Ainsi vous b\u00e9n\u00e9ficierez du meilleurs des deux mondes et \u00e9conomiserez les frais et difficult\u00e9s de la travers\u00e9e entre le Panama et la Colombie.<\/p>\n<h3><span id=\"Acheter_un_vehicule_immatricule_en_France\">Acheter un v\u00e9hicule immatricul\u00e9 en France<\/span><\/h3>\n<p>Il est possible d&rsquo;acheter et transf\u00e9rer officiellement la propri\u00e9t\u00e9 d&rsquo;un v\u00e9hicule plaqu\u00e9 fran\u00e7ais \u00e0 des Fran\u00e7ais (quid des Suisses, Belges, Qu\u00e9b\u00e9cois\u2026?). Une fois la transaction effectu\u00e9e, il est pr\u00e9f\u00e9rable que l&rsquo;acheteur et le vendeur se rendent ensemble \u00e0 une fronti\u00e8re pour que le vendeur clos l&rsquo;importation temporaire et que l&rsquo;acheteur en effectue une autre \u00e0 son nom : des pays comme l&rsquo;Argentine n&rsquo;appr\u00e9cient pas qu&rsquo;une importation temporaire soit close par un autre propri\u00e9taire que celui qui l&rsquo;a initi\u00e9e (cf. nos conseils pour le\u00a0<a class=\"bump-view\" href=\"http:\/\/songkol.com\/WordPress3\/preparatifs\/passage-de-frontiere\/\" data-bump-view=\"tp\">Passage de fronti\u00e8re<\/a>).<br \/>\nLa question\u00a0du transfert de propri\u00e9t\u00e9 du v\u00e9hicule ne concerne que\u00a0les pr\u00e9fectures fran\u00e7aises. Le sujet est abord\u00e9 en d\u00e9tail ici\u00a0:<br \/>\n&gt;\u00a0<a href=\"http:\/\/songkol.com\/WordPress3\/preparation\/conseils-pour-la-revente-dun-vehicule-francais-entre-francais\/\">Revente (hors Europe) d&rsquo;un v\u00e9hicule fran\u00e7ais entre Fran\u00e7ais<\/a><\/p>\n<h3><span id=\"Acheter_en_Am_Sudun_vehicule_plaque_local\">Acheter en Am Sud\u00a0un v\u00e9hicule plaqu\u00e9 local<\/span><\/h3>\n<p>Le Chili et\u00a0la Colombie sont les pays souvent cit\u00e9s pour l&rsquo;achat d&rsquo;un v\u00e9hicule plaqu\u00e9 local. Le march\u00e9 local de l&rsquo;occasion n&rsquo;est pas tr\u00e8s riche en camping-car\u00a0(sauf qq exceptions au <a href=\"http:\/\/vehiculos.mercadolibre.cl\/casas-rodantes-y-motorhomes\/\" target=\"_blank\" rel=\"noopener noreferrer\">Chili<\/a>) et plut\u00f4t favorable pour les 4&#215;4 et pickup avec cellule.\u00a0Concr\u00e8tement, comptez une \u00e0 deux semaines pour trouver votre bonheur chez un concessionnaire de Santiago ou en furetant sur le\u00a0<a href=\"http:\/\/vehiculos.mercadolibre.cl\/casas-rodantes-y-motorhomes\/\" target=\"_blank\" rel=\"noopener noreferrer\">Mercado libre<\/a>\u00a0chilien (l&rsquo;\u00e9quivalent du LeBonCoin fran\u00e7ais). Le concessionnaire aura l&rsquo;avantage d&rsquo;\u00eatre familiaris\u00e9 avec la paperasse.<br \/>\n<span style=\"color: #993300;\"><strong>Topos sur l&rsquo;achat d&rsquo;un v\u00e9hicule au Chili (anglophones):<\/strong><\/span><br \/>\n&gt;\u00a0<a href=\"http:\/\/practicingforretirement.com\/index.php\/buy-a-car-in-chile\/\" target=\"_blank\" rel=\"noopener noreferrer\">http:\/\/practicingforretirement.com<\/a>\u00a0(recherche et achat)<br \/>\n&gt;\u00a0<a href=\"http:\/\/weddingtravellers.com\/blog\/2016\/1\/6\/car-hunting-ii\" target=\"_blank\" rel=\"noopener noreferrer\">http:\/\/weddingtravellers.com\/blog\/2016\/1\/6\/car-hunting-ii<\/a>\u00a0(l&rsquo;achat)<br \/>\n&gt;\u00a0<a href=\"http:\/\/weddingtravellers.com\/blog\/2016\/1\/6\/car-hunting\" target=\"_blank\" rel=\"noopener noreferrer\">http:\/\/weddingtravellers.com\/blog\/2016\/1\/6\/car-hunting<\/a>\u00a0(la recherche)<br \/>\n<span style=\"color: #993300;\"><strong>Attention :<\/strong><\/span> j&rsquo;ai rencontr\u00e9 un Etat-uniens coinc\u00e9 en Argentine avec un v\u00e9hicule plaqu\u00e9 argentin\u00a0(camion Mercedes de 1973).\u00a0La douane argentine refusait de le laisser sortir.<\/p>\n<h3><span id=\"Acheter_aux_USA_un_vehicule_immatricule_auxUSA\">Acheter aux USA un v\u00e9hicule immatricul\u00e9 aux\u00a0USA<\/span><\/h3>\n<p><span style=\"color: #993300;\"><strong>Choix de l&rsquo;\u00e9tat.<\/strong><\/span>\u00a0Pour \u00e9viter des formalit\u00e9s de douane entre \u00e9tats, le mieux est d\u2019acheter un rv\/cc immatricul\u00e9 dans l&rsquo;\u00e9tat o\u00f9 vous aurez une adresse et un assureur. Sans adresse sur place et avec un statut de touriste, la Californie offrent une relative facilit\u00e9 pour acheter\/assurer\u00a0un v\u00e9hicule sur place.\u00a0L&rsquo;avantage en Californie c&rsquo;est que les\u00a0assureurs acceptent de vous domicilier et vous font suivre ensuite les documents.\u00a0L\u2019\u00e9tat de Washington (Seattle) est\u00a0difficile en temps qu&rsquo;\u00e9tranger pour\u00a0obtenir une adresse, une immatriculation, un assureur.<br \/>\n<span style=\"color: #993300;\"><strong>Permis.<\/strong><\/span> Le permis B suffit quel que soit le poids et la taille \u00e0 partir du moment o\u00f9 c&rsquo;est un v\u00e9hicule de loisirs.\u00a0Le permis international n&rsquo;est pas obligatoire.<br \/>\n<span style=\"color: #993300;\"><strong><img data-attachment-id=\"7345\" data-permalink=\"http:\/\/songkol.com\/WordPress3\/preparation\/acheter-am-sud\/chevrolet-quigley-4x4-lightforcce\/\" data-orig-file=\"https:\/\/i0.wp.com\/songkol.com\/WordPress3\/wp-content\/uploads\/2018\/06\/Chevrolet-Quigley-4x4-lightforcce.jpg?fit=1600%2C1067\" data-orig-size=\"1600,1067\" data-comments-opened=\"1\" data-image-meta=\"{&quot;aperture&quot;:&quot;0&quot;,&quot;credit&quot;:&quot;&quot;,&quot;camera&quot;:&quot;&quot;,&quot;caption&quot;:&quot;&quot;,&quot;created_timestamp&quot;:&quot;0&quot;,&quot;copyright&quot;:&quot;&quot;,&quot;focal_length&quot;:&quot;0&quot;,&quot;iso&quot;:&quot;0&quot;,&quot;shutter_speed&quot;:&quot;0&quot;,&quot;title&quot;:&quot;&quot;,&quot;orientation&quot;:&quot;0&quot;}\" data-image-title=\"Chevrolet-Quigley-4&#215;4-lightforcce\" data-image-description=\"\" data-image-caption=\"\" data-medium-file=\"https:\/\/i0.wp.com\/songkol.com\/WordPress3\/wp-content\/uploads\/2018\/06\/Chevrolet-Quigley-4x4-lightforcce.jpg?fit=300%2C200\" data-large-file=\"https:\/\/i0.wp.com\/songkol.com\/WordPress3\/wp-content\/uploads\/2018\/06\/Chevrolet-Quigley-4x4-lightforcce.jpg?fit=768%2C512\" loading=\"lazy\" class=\"size-medium wp-image-7345 alignright\" src=\"https:\/\/i0.wp.com\/songkol.com\/WordPress3\/wp-content\/uploads\/2018\/06\/Chevrolet-Quigley-4x4-lightforcce.jpg?resize=300%2C200\" alt=\"\" width=\"300\" height=\"200\" srcset=\"https:\/\/i0.wp.com\/songkol.com\/WordPress3\/wp-content\/uploads\/2018\/06\/Chevrolet-Quigley-4x4-lightforcce.jpg?resize=300%2C200 300w, https:\/\/i0.wp.com\/songkol.com\/WordPress3\/wp-content\/uploads\/2018\/06\/Chevrolet-Quigley-4x4-lightforcce.jpg?resize=768%2C512 768w, https:\/\/i0.wp.com\/songkol.com\/WordPress3\/wp-content\/uploads\/2018\/06\/Chevrolet-Quigley-4x4-lightforcce.jpg?resize=1024%2C683 1024w, https:\/\/i0.wp.com\/songkol.com\/WordPress3\/wp-content\/uploads\/2018\/06\/Chevrolet-Quigley-4x4-lightforcce.jpg?w=1600 1600w, https:\/\/i0.wp.com\/songkol.com\/WordPress3\/wp-content\/uploads\/2018\/06\/Chevrolet-Quigley-4x4-lightforcce.jpg?w=1536 1536w\" sizes=\"(max-width: 300px) 100vw, 300px\" data-recalc-dims=\"1\" \/> Van nord-am\u00e9ricain<\/strong><\/span> (Dodge B-s\u00e9rie, Ford Econoline, Chevrolet Express, Chevrolet Astro, GMC Savana, Nissan NV). Ces camionnettes nord-am\u00e9ricaines ont g\u00e9n\u00e9ralement de gros moteurs et des transmissions lourdes. Elles peuvent supporter un poids cons\u00e9quent et le SAV est bien pr\u00e9sent en Am\u00e9rique du Nord et, dans une moindre mesure, le reste du continent.\u00a0C&rsquo;est une bonne base pour un am\u00e9nagement perso. Vous pouvez obtenir un van d&rsquo;occasion fiable pour 5000 $ ou moins. Tournez-vous vers les entreprises de livraison, plomberie,\u2026\u00a0Les pi\u00e8ces d\u00e9tach\u00e9es sont bon march\u00e9 et faciles \u00e0 trouver aux \u00c9tats-Unis. C&rsquo;est un \u00e9norme avantage si vous \u00eates coinc\u00e9 ou si votre van tombe en panne. N&rsquo;importe quel garage aura des pi\u00e8ces sous la main, ou sur commande dans un d\u00e9lai d&rsquo;un jour ou deux. Les m\u00e9canos connaissent bien ces camionnettes. M\u00eame dans le pire des cas, les frais de d\u00e9pannage seront acceptables : comptez 2000$ pour une nouvelle transmission, y compris la main-d&rsquo;\u0153uvre. Qu&rsquo;en sera t-il pour un Sprinter ?!<br \/>\n<span style=\"color: #993300;\"><strong><img data-attachment-id=\"7346\" data-permalink=\"http:\/\/songkol.com\/WordPress3\/preparation\/acheter-am-sud\/roadtrek-190-solar\/\" data-orig-file=\"https:\/\/i0.wp.com\/songkol.com\/WordPress3\/wp-content\/uploads\/2018\/06\/RoadTrek-190-Solar.jpeg?fit=750%2C563\" data-orig-size=\"750,563\" data-comments-opened=\"1\" data-image-meta=\"{&quot;aperture&quot;:&quot;0&quot;,&quot;credit&quot;:&quot;&quot;,&quot;camera&quot;:&quot;&quot;,&quot;caption&quot;:&quot;&quot;,&quot;created_timestamp&quot;:&quot;0&quot;,&quot;copyright&quot;:&quot;&quot;,&quot;focal_length&quot;:&quot;0&quot;,&quot;iso&quot;:&quot;0&quot;,&quot;shutter_speed&quot;:&quot;0&quot;,&quot;title&quot;:&quot;&quot;,&quot;orientation&quot;:&quot;0&quot;}\" data-image-title=\"RoadTrek-190-Solar\" data-image-description=\"\" data-image-caption=\"\" data-medium-file=\"https:\/\/i0.wp.com\/songkol.com\/WordPress3\/wp-content\/uploads\/2018\/06\/RoadTrek-190-Solar.jpeg?fit=300%2C225\" data-large-file=\"https:\/\/i0.wp.com\/songkol.com\/WordPress3\/wp-content\/uploads\/2018\/06\/RoadTrek-190-Solar.jpeg?fit=750%2C563\" loading=\"lazy\" class=\"size-medium wp-image-7346 alignleft\" src=\"https:\/\/i0.wp.com\/songkol.com\/WordPress3\/wp-content\/uploads\/2018\/06\/RoadTrek-190-Solar.jpeg?resize=300%2C225\" alt=\"\" width=\"300\" height=\"225\" srcset=\"https:\/\/i0.wp.com\/songkol.com\/WordPress3\/wp-content\/uploads\/2018\/06\/RoadTrek-190-Solar.jpeg?resize=300%2C225 300w, https:\/\/i0.wp.com\/songkol.com\/WordPress3\/wp-content\/uploads\/2018\/06\/RoadTrek-190-Solar.jpeg?w=750 750w\" sizes=\"(max-width: 300px) 100vw, 300px\" data-recalc-dims=\"1\" \/>Van nord-am\u00e9ricain am\u00e9nag\u00e9<\/strong><\/span>\u00a0(Chevrolet Roadtrek popular et versatile,\u2026).\u00a0Les vans am\u00e9nag\u00e9s partagent le m\u00eame ch\u00e2ssis que les vans. Dans plusieurs cas, vous aurez la clim \u00e0 l&rsquo;arri\u00e8re et des rangements utiles pour un d\u00e9but d&rsquo;aventure. Ils sont id\u00e9aux pour des voyages de courte dur\u00e9e mais moins bien con\u00e7us pour le voyage au long cours. Il y a n\u00e9anmoins de nombreux contre-exemple : tout d\u00e9pend du nombre de personnes et des concessions que vous \u00eates pr\u00eat \u00e0 faire sur le volume int\u00e9rieur. Les occasions sont moins nombreuses et les prix plus \u00e9lev\u00e9s. Toutefois, si vous en trouvez un bon, les vans am\u00e9nag\u00e9s sont une excellente base pour un v\u00e9hicule de voyage.<br \/>\n<span style=\"color: #993300;\"><strong>Achat d&rsquo;occasion.<\/strong><\/span> Pour faciliter les d\u00e9marches, l&rsquo;achat \u00e0 un professionnel est pr\u00e9f\u00e9rable\u00a0: l&rsquo;exemple typique est celui de l&rsquo;achat d&rsquo;un\u00a0v\u00e9hicule d&rsquo;occasion (rechercher \u00ab\u00a0used rv motorhome\u00a0\u00bb ou \u00ab\u00a0refurbished RV\u00a0\u00bb) \u00e0 une\u00a0soci\u00e9t\u00e9 de location\u00a0(<a href=\"http:\/\/www.cruiseamerica.com\/buy\/\" target=\"_blank\" rel=\"noopener noreferrer\">Cruise America<\/a>\u00a0ou\u00a0<a href=\"https:\/\/www.elmonterv.com\" target=\"_blank\" rel=\"noopener noreferrer\">El Monte<\/a>)\u00a0qui se charge de toutes les formalit\u00e9s sauf l&rsquo;assurance.<br \/>\n<span style=\"color: #993300;\"><strong>Achat d&rsquo;occasion \u00e0 des Fran\u00e7ais.<\/strong><\/span>\u00a0Il est possible d&rsquo;acheter \u00e0 un professionnel un RV \u00e0 San Francisco et revendre \u00e0 des Fran\u00e7ais \u00e0 Santiago du Chili en laissant les plaques California :\u00a0<a class=\"\" href=\"http:\/\/apietrip.wordpress.com\/\" target=\"_blank\" rel=\"noopener\">apietrip.wordpress.com<\/a><span style=\"color: #993300;\"><strong><br \/>\nRevente.<\/strong><\/span> Elle aura plus de chance de se faire avec un autre Fran\u00e7ais car la revente aupr\u00e8s d&rsquo;un professionnel am\u00e9ricain est illusoire car le march\u00e9 am\u00e9ricain est sursatur\u00e9 en camping car.<br \/>\n<img data-attachment-id=\"7167\" data-permalink=\"http:\/\/songkol.com\/WordPress3\/preparation\/acheter-am-sud\/1_23a\/\" data-orig-file=\"https:\/\/i0.wp.com\/songkol.com\/WordPress3\/wp-content\/uploads\/2016\/06\/1_23A.jpg?fit=1024%2C683\" data-orig-size=\"1024,683\" data-comments-opened=\"1\" data-image-meta=\"{&quot;aperture&quot;:&quot;0&quot;,&quot;credit&quot;:&quot;&quot;,&quot;camera&quot;:&quot;&quot;,&quot;caption&quot;:&quot;&quot;,&quot;created_timestamp&quot;:&quot;0&quot;,&quot;copyright&quot;:&quot;&quot;,&quot;focal_length&quot;:&quot;0&quot;,&quot;iso&quot;:&quot;0&quot;,&quot;shutter_speed&quot;:&quot;0&quot;,&quot;title&quot;:&quot;&quot;,&quot;orientation&quot;:&quot;0&quot;}\" data-image-title=\"Used RV d&amp;rsquo;occasion\" data-image-description=\"\" data-image-caption=\"\" data-medium-file=\"https:\/\/i0.wp.com\/songkol.com\/WordPress3\/wp-content\/uploads\/2016\/06\/1_23A.jpg?fit=300%2C200\" data-large-file=\"https:\/\/i0.wp.com\/songkol.com\/WordPress3\/wp-content\/uploads\/2016\/06\/1_23A.jpg?fit=768%2C512\" loading=\"lazy\" class=\"size-medium wp-image-7167 alignright\" src=\"https:\/\/i0.wp.com\/songkol.com\/WordPress3\/wp-content\/uploads\/2016\/06\/1_23A.jpg?resize=300%2C200\" alt=\"Used RV d'occasion\" width=\"300\" height=\"200\" srcset=\"https:\/\/i0.wp.com\/songkol.com\/WordPress3\/wp-content\/uploads\/2016\/06\/1_23A.jpg?resize=300%2C200 300w, https:\/\/i0.wp.com\/songkol.com\/WordPress3\/wp-content\/uploads\/2016\/06\/1_23A.jpg?resize=768%2C512 768w, https:\/\/i0.wp.com\/songkol.com\/WordPress3\/wp-content\/uploads\/2016\/06\/1_23A.jpg?w=1024 1024w\" sizes=\"(max-width: 300px) 100vw, 300px\" data-recalc-dims=\"1\" \/><span style=\"color: #993300;\"><strong>Les RV adapt\u00e9s \u00e0 un voyage jusqu&rsquo;en Am\u00e9rique du Sud ?<\/strong><\/span> De nombreux voyageurs le font mais sachez que les camping-car am\u00e9ricains (appel\u00e9s RV pour <em>recreational vehicle<\/em>) sont certes tr\u00e8s confortables pour un voyage en Am\u00e9rique du nord\u00a0mais moins adapt\u00e9s pour l&rsquo;Am\u00e9rique centrale et bien moins pour l&rsquo;Am\u00e9rique du Sud, si vous avez le projet de sortir des axes principaux \u00e9videmment. Ils sont puissants et increvables mais trop\u00a0bas sur patte et ont un long porte-\u00e0-faux qui vous posera des probl\u00e8mes sur les pistes (plus d&rsquo;infos sur notre page\u00a0<a href=\"http:\/\/songkol.com\/WordPress3\/preparation\/choix-du-vehicule\/\">Les crit\u00e8res de choix du v\u00e9hicule<\/a>). Ceci \u00e9tant dit, il existe plusieurs exceptions dont Jacky et Fran\u00e7oise avec leur RV de 12m et 12 tonnes.<br \/>\nRecommandation :\u00a0<span style=\"text-decoration: underline;\">\u00e9vitez\u00a0les v\u00e9hicules immatricul\u00e9s en Alaska, au Yukon et au Qu\u00e9bec<\/span>.\u00a0Ces r\u00e9gions ayant des hivers plus que rudes ont des routes syst\u00e9matiquement trait\u00e9es au sel et produits chimiques contre le gel et la neige. Les chassis et les carrosseries sont dans un \u00e9tat catastrophique en moins de 10 ans&#8230;<\/p>\n<h3><span id=\"Ou_trouver_ces_vehicules_en_Amerique_du_sudnord_et_centrale\">O\u00f9 trouver ces v\u00e9hicules en Am\u00e9rique du sud,\u00a0nord et centrale ?<\/span><\/h3>\n<blockquote><p>listes de diffusion : les deux <strong>LIENS<\/strong> <a href=\"http:\/\/songkol.com\/WordPress3\/preparatifs\/sites-forums-utiles\/\" target=\"_blank\" rel=\"noopener noreferrer\">AmNordCentrale<\/a> et <a href=\"http:\/\/songkol.com\/WordPress3\/preparatifs\/sites-forums-utiles\/\" target=\"_blank\" rel=\"noopener noreferrer\">AmSud<\/a> (francophones)<br \/>\n&gt;\u00a0le facebook : <a href=\"https:\/\/www.facebook.com\/groups\/overlandingbuysell\/\" target=\"_blank\" rel=\"noopener noreferrer\">Overlanding Buy and sell<\/a>\u00a0(anglophone mais qq v\u00e9hicules fran\u00e7ais)<br \/>\n&gt; le facebook :\u00a0<a href=\"https:\/\/www.facebook.com\/groups\/panamtravelers\" target=\"_blank\" rel=\"noopener noreferrer\">PanAmerican travelers association<\/a> (anglophone)<br \/>\n&gt; les sites d&rsquo;occasion comme\u00a0<a href=\"http:\/\/www.mercadolibre.cl\/vehiculos\/\" target=\"_blank\" rel=\"noopener noreferrer\">Mercado libre<\/a>\u00a0d\u00e9clin\u00e9 par pays (l&rsquo;\u00e9quivalent du LeBonCoin fran\u00e7ais)<br \/>\n&gt; <a href=\"https:\/\/www.craigslist.org\/\" target=\"_blank\" rel=\"noopener\">Craiglist<\/a> pour les USA et <a href=\"http:\/\/kijiji.ca\/\">kijiji.ca<\/a> pour le Canada<\/p><\/blockquote>\n","protected":false},"excerpt":{"rendered":"<p>Acheter quoi (4&#215;4, camping-car, RV\u2026), o\u00f9 (Chili, USA,\u2026) et comment en Am\u00e9rique du sud et du nord<\/p>\n","protected":false},"author":2,"featured_media":0,"parent":40,"menu_order":3,"comment_status":"closed","ping_status":"closed","template":"","meta":{"spay_email":""},"jetpack_sharing_enabled":true,"jetpack_shortlink":"https:\/\/wp.me\/P4uy6M-1N7","jetpack_likes_enabled":true,"_links":{"self":[{"href":"http:\/\/songkol.com\/WordPress3\/wp-json\/wp\/v2\/pages\/6889"}],"collection":[{"href":"http:\/\/songkol.com\/WordPress3\/wp-json\/wp\/v2\/pages"}],"about":[{"href":"http:\/\/songkol.com\/WordPress3\/wp-json\/wp\/v2\/types\/page"}],"author":[{"embeddable":true,"href":"http:\/\/songkol.com\/WordPress3\/wp-json\/wp\/v2\/users\/2"}],"replies":[{"embeddable":true,"href":"http:\/\/songkol.com\/WordPress3\/wp-json\/wp\/v2\/comments?post=6889"}],"version-history":[{"count":37,"href":"http:\/\/songkol.com\/WordPress3\/wp-json\/wp\/v2\/pages\/6889\/revisions"}],"predecessor-version":[{"id":7348,"href":"http:\/\/songkol.com\/WordPress3\/wp-json\/wp\/v2\/pages\/6889\/revisions\/7348"}],"up":[{"embeddable":true,"href":"http:\/\/songkol.com\/WordPress3\/wp-json\/wp\/v2\/pages\/40"}],"wp:attachment":[{"href":"http:\/\/songkol.com\/WordPress3\/wp-json\/wp\/v2\/media?parent=6889"}],"curies":[{"name":"wp","href":"https:\/\/api.w.org\/{rel}","templated":true}]}}