{"id":6397,"date":"2016-02-10T20:46:30","date_gmt":"2016-02-10T19:46:30","guid":{"rendered":"http:\/\/songkol.com\/WordPress3\/?page_id=6397"},"modified":"2018-02-12T22:04:40","modified_gmt":"2018-02-12T21:04:40","slug":"infiltrations","status":"publish","type":"page","link":"http:\/\/songkol.com\/WordPress3\/preparation\/infiltrations\/","title":{"rendered":"Infiltrations"},"content":{"rendered":"<p>Faites contr\u00f4ler l&rsquo;\u00e9tanch\u00e9it\u00e9 du camping-car par un pro avant votre d\u00e9part car <span style=\"color: #993300;\"><strong>les infiltrations d&rsquo;eau sont la gangr\u00e8ne des camping-car<\/strong><\/span> dont la structure est en tasseaux de bois de pin. Ce\u00a0mal cach\u00e9\u00a0a souvent d\u00e9j\u00e0 fait beaucoup de d\u00e9g\u00e2ts\u00a0quand on le d\u00e9couvre. Les cons\u00e9quences peuvent \u00eatre d\u00e9sastreuses et les r\u00e9parations lourdes. \u00a0N&rsquo;importe quel camping-car, qu&rsquo;elle qu&rsquo;en soit la marque ou l&rsquo;age, peut \u00eatre concern\u00e9\u2026<br \/>\n&gt; Si vous \u00eates en Argentine, aller voir LE constructeur de camping-car en AmSud : <a href=\"http:\/\/www.gibertcar.com\" target=\"_blank\">Gibert Car<\/a> (Cordoba). Une adresse en or !<\/p>\n<h3><span id=\"Les_causes\">Les causes<\/span><\/h3><div id=\"toc_container\" class=\"toc_wrap_right no_bullets\"><p class=\"toc_title\">Sommaire<\/p><ul class=\"toc_list\"><li><a href=\"#Les_causes\"><span class=\"toc_number toc_depth_1\">1<\/span> Les causes<\/a><\/li><li><a href=\"#Pendant_le_voyage\"><span class=\"toc_number toc_depth_1\">2<\/span> Pendant le voyage<\/a><\/li><li><a href=\"#Reparation\"><span class=\"toc_number toc_depth_1\">3<\/span> R\u00e9paration<\/a><\/li><\/ul><\/div>\n\n<p>Le vieillissement des joints, les vibrations et le travail de la cellule sur de nombreux kilom\u00e8tres contribuent \u00e0 des d\u00e9fauts d&rsquo;\u00e9tanch\u00e9it\u00e9 autour d&rsquo;une baie, lanterneau, antenne, \u00e9chelle, galerie, cam\u00e9ra de recul, panneau solaire&#8230; La capucine est \u00e0 surveiller en particulier.<\/p>\n<h3><span id=\"Pendant_le_voyage\">Pendant le voyage<\/span><\/h3>\n<p>La meilleure solution est la <strong>vigilance<\/strong>. Certain partent avec un humidim\u00e8tre \u00e0 pointes. Une bonne connaissance de son camping-car, une inspection r\u00e9guli\u00e8re, par exemple lors des lavages \u00e9viteront les catastrophes.\u00a0Ne pas h\u00e9siter \u00e0 refaire un joint douteux avec du\u00a0mastic-colle souple Sika Fc11 dont vous aurez emport\u00e9 un bon stock.<\/p>\n<h3><span id=\"Reparation\">R\u00e9paration<\/span><\/h3>\n<div id=\"attachment_6661\" style=\"width: 280px\" class=\"wp-caption alignright\"><img aria-describedby=\"caption-attachment-6661\" data-attachment-id=\"6661\" data-permalink=\"http:\/\/songkol.com\/WordPress3\/preparation\/infiltrations\/h_931534\/\" data-orig-file=\"https:\/\/i0.wp.com\/songkol.com\/WordPress3\/wp-content\/uploads\/2016\/02\/h_931534.jpg?fit=270%2C270\" data-orig-size=\"270,270\" data-comments-opened=\"1\" data-image-meta=\"{&quot;aperture&quot;:&quot;0&quot;,&quot;credit&quot;:&quot;&quot;,&quot;camera&quot;:&quot;&quot;,&quot;caption&quot;:&quot;&quot;,&quot;created_timestamp&quot;:&quot;0&quot;,&quot;copyright&quot;:&quot;&quot;,&quot;focal_length&quot;:&quot;0&quot;,&quot;iso&quot;:&quot;0&quot;,&quot;shutter_speed&quot;:&quot;0&quot;,&quot;title&quot;:&quot;&quot;,&quot;orientation&quot;:&quot;0&quot;}\" data-image-title=\"Sikaflex 11FC\" data-image-description=\"\" data-image-caption=\"&lt;p&gt;Sikaflex 11FC&lt;\/p&gt;\n\" data-medium-file=\"https:\/\/i0.wp.com\/songkol.com\/WordPress3\/wp-content\/uploads\/2016\/02\/h_931534.jpg?fit=270%2C270\" data-large-file=\"https:\/\/i0.wp.com\/songkol.com\/WordPress3\/wp-content\/uploads\/2016\/02\/h_931534.jpg?fit=270%2C270\" loading=\"lazy\" class=\"size-full wp-image-6661\" src=\"https:\/\/i0.wp.com\/songkol.com\/WordPress3\/wp-content\/uploads\/2016\/02\/h_931534.jpg?resize=270%2C270\" alt=\"Sikaflex 11FC\" width=\"270\" height=\"270\" srcset=\"https:\/\/i0.wp.com\/songkol.com\/WordPress3\/wp-content\/uploads\/2016\/02\/h_931534.jpg?w=270 270w, https:\/\/i0.wp.com\/songkol.com\/WordPress3\/wp-content\/uploads\/2016\/02\/h_931534.jpg?resize=150%2C150 150w\" sizes=\"(max-width: 270px) 100vw, 270px\" data-recalc-dims=\"1\" \/><p id=\"caption-attachment-6661\" class=\"wp-caption-text\">Sikaflex 11FC<\/p><\/div>\n<p>Le plus dur sera de <strong>d\u00e9terminer par o\u00f9 entre l&rsquo;eau<\/strong> : l&rsquo;eau peut s&rsquo;\u00e9couler le long d&rsquo;une paroi, suivre une structure, une gaine \u00e9lectrique, et provoquer des d\u00e9g\u00e2ts plus loin.\u00a0Pour de petites fuites, une r\u00e9paration de fortune avec un mastic-colle souple (Sika 11FC) peut suffire. Si c\u2019est plus grave, vous en arriverez peut-\u00eatre \u00e0 d\u00e9shabiller, retirer les structures de bois sans les d\u00e9truire d&rsquo;avantage, et les refaire totalement ou partiellement \u00e0 l&rsquo;identique. Du boulot\u2026<br \/>\n&gt; Plus d&rsquo;infos sur le site d&rsquo;autocaravane.fr :\u00a0<a href=\"http:\/\/autocaravane.fr\/camping-car\/164\/infiltration-refection-paroi.html\" target=\"_blank\">R\u00e9parer une paroi suite \u00e0 une infiltration<\/a><\/p>\n","protected":false},"excerpt":{"rendered":"<p>Faites contr\u00f4ler l&rsquo;\u00e9tanch\u00e9it\u00e9 du camping-car par un pro avant votre d\u00e9part car les infiltrations d&rsquo;eau sont la gangr\u00e8ne des camping-car dont la structure est en tasseaux de bois de pin. Ce\u00a0mal cach\u00e9\u00a0a souvent d\u00e9j\u00e0 fait beaucoup de d\u00e9g\u00e2ts\u00a0quand on le d\u00e9couvre. Les cons\u00e9quences peuvent \u00eatre d\u00e9sastreuses et les r\u00e9parations lourdes. \u00a0N&rsquo;importe quel camping-car, qu&rsquo;elle qu&rsquo;en [&hellip;]<\/p>\n","protected":false},"author":2,"featured_media":0,"parent":40,"menu_order":8,"comment_status":"closed","ping_status":"closed","template":"","meta":{"spay_email":""},"jetpack_sharing_enabled":true,"jetpack_shortlink":"https:\/\/wp.me\/P4uy6M-1Fb","jetpack_likes_enabled":true,"_links":{"self":[{"href":"http:\/\/songkol.com\/WordPress3\/wp-json\/wp\/v2\/pages\/6397"}],"collection":[{"href":"http:\/\/songkol.com\/WordPress3\/wp-json\/wp\/v2\/pages"}],"about":[{"href":"http:\/\/songkol.com\/WordPress3\/wp-json\/wp\/v2\/types\/page"}],"author":[{"embeddable":true,"href":"http:\/\/songkol.com\/WordPress3\/wp-json\/wp\/v2\/users\/2"}],"replies":[{"embeddable":true,"href":"http:\/\/songkol.com\/WordPress3\/wp-json\/wp\/v2\/comments?post=6397"}],"version-history":[{"count":10,"href":"http:\/\/songkol.com\/WordPress3\/wp-json\/wp\/v2\/pages\/6397\/revisions"}],"predecessor-version":[{"id":6663,"href":"http:\/\/songkol.com\/WordPress3\/wp-json\/wp\/v2\/pages\/6397\/revisions\/6663"}],"up":[{"embeddable":true,"href":"http:\/\/songkol.com\/WordPress3\/wp-json\/wp\/v2\/pages\/40"}],"wp:attachment":[{"href":"http:\/\/songkol.com\/WordPress3\/wp-json\/wp\/v2\/media?parent=6397"}],"curies":[{"name":"wp","href":"https:\/\/api.w.org\/{rel}","templated":true}]}}