{"id":6134,"date":"2016-01-23T22:34:01","date_gmt":"2016-01-23T21:34:01","guid":{"rendered":"http:\/\/songkol.com\/WordPress3\/?page_id=6134"},"modified":"2016-09-19T14:47:15","modified_gmt":"2016-09-19T12:47:15","slug":"balise-spot","status":"publish","type":"page","link":"http:\/\/songkol.com\/WordPress3\/preparatifs\/balise-spot\/","title":{"rendered":"Balise Spot, Delorme\u2026"},"content":{"rendered":"<div id=\"attachment_4583\" style=\"width: 310px\" class=\"wp-caption alignleft\"><a href=\"https:\/\/i0.wp.com\/songkol.com\/WordPress3\/wp-content\/uploads\/2015\/01\/BARU-07.jpg\"><img aria-describedby=\"caption-attachment-4583\" data-attachment-id=\"4583\" data-permalink=\"http:\/\/songkol.com\/WordPress3\/preparatifs\/balise-spot\/baru-07\/\" data-orig-file=\"https:\/\/i0.wp.com\/songkol.com\/WordPress3\/wp-content\/uploads\/2015\/01\/BARU-07.jpg?fit=1200%2C600\" data-orig-size=\"1200,600\" data-comments-opened=\"1\" data-image-meta=\"{&quot;aperture&quot;:&quot;8&quot;,&quot;credit&quot;:&quot;&quot;,&quot;camera&quot;:&quot;Canon EOS 5D&quot;,&quot;caption&quot;:&quot;&quot;,&quot;created_timestamp&quot;:&quot;1419615631&quot;,&quot;copyright&quot;:&quot;&quot;,&quot;focal_length&quot;:&quot;40&quot;,&quot;iso&quot;:&quot;200&quot;,&quot;shutter_speed&quot;:&quot;0.008&quot;,&quot;title&quot;:&quot;&quot;,&quot;orientation&quot;:&quot;1&quot;}\" data-image-title=\"BARU-07\" data-image-description=\"\" data-image-caption=\"&lt;p&gt;VOLCAN BARU \/ La balise Spot qui nous suit partout&lt;\/p&gt;\n\" data-medium-file=\"https:\/\/i0.wp.com\/songkol.com\/WordPress3\/wp-content\/uploads\/2015\/01\/BARU-07.jpg?fit=300%2C150\" data-large-file=\"https:\/\/i0.wp.com\/songkol.com\/WordPress3\/wp-content\/uploads\/2015\/01\/BARU-07.jpg?fit=768%2C384\" loading=\"lazy\" class=\"wp-image-4583 size-medium\" src=\"https:\/\/i0.wp.com\/songkol.com\/WordPress3\/wp-content\/uploads\/2015\/01\/BARU-07.jpg?resize=300%2C150\" alt=\"Balise Spot Messenger\" width=\"300\" height=\"150\" srcset=\"https:\/\/i0.wp.com\/songkol.com\/WordPress3\/wp-content\/uploads\/2015\/01\/BARU-07.jpg?resize=300%2C150 300w, https:\/\/i0.wp.com\/songkol.com\/WordPress3\/wp-content\/uploads\/2015\/01\/BARU-07.jpg?resize=1024%2C512 1024w, https:\/\/i0.wp.com\/songkol.com\/WordPress3\/wp-content\/uploads\/2015\/01\/BARU-07.jpg?w=1200 1200w\" sizes=\"(max-width: 300px) 100vw, 300px\" data-recalc-dims=\"1\" \/><\/a><p id=\"caption-attachment-4583\" class=\"wp-caption-text\">Balise de tracking : Spot Messenger<\/p><\/div>\n<p>Spot,\u00a0Delorme InReach SE,\u2026 Il existe sur le march\u00e9 des balises de d\u00e9tresse que l\u2019on appelle PLB (Personal Locator Beacons) et des balises de tracking. Ces balises ont des fonctionnalit\u00e9s et usages diff\u00e9rents. Tout d\u00e9pend de vos besoins : informer vos proches occasionnellement pour les rassurer ou \u00eatre secouru au cours d&rsquo;un raid en zone perdue.\u00a0Les PLB sont con\u00e7ues exclusivement pour le d\u00e9clenchement de secours en situation d\u2019urgence. Elles ne savent faire que \u00e7a. Les balises de tracking (Spot, Delorme InReach SE,\u2026) sont destin\u00e9es \u00e0 assurer la localisation d\u2019une personne ponctuellement ou\u00a0en temps r\u00e9el mais aussi le d\u00e9clenchement de secours. Cette derni\u00e8re est cependant pas aussi puissante que la PLB pour la g\u00e9olocalisation. D&rsquo;apr\u00e8s moi, une balise de tracking reste amplement suffisante pour un voyage au long cours. Les 4x4istes ont plus de raisons d&rsquo;\u00eatre tent\u00e9 par une PLB.<\/p>\n<h3><span style=\"color: #993300;\">Balise spot<\/span><\/h3>\n<div id=\"attachment_6163\" style=\"width: 232px\" class=\"wp-caption alignleft\"><a href=\"https:\/\/i0.wp.com\/songkol.com\/WordPress3\/wp-content\/uploads\/2016\/01\/Capture-d\u2019\u00e9cran-2016-01-23-\u00e0-23.43.30.jpg\"><img aria-describedby=\"caption-attachment-6163\" data-attachment-id=\"6163\" data-permalink=\"http:\/\/songkol.com\/WordPress3\/preparatifs\/balise-spot\/capture-decran-2016-01-23-a-23-43-30\/\" data-orig-file=\"https:\/\/i0.wp.com\/songkol.com\/WordPress3\/wp-content\/uploads\/2016\/01\/Capture-d\u2019\u00e9cran-2016-01-23-\u00e0-23.43.30.jpg?fit=275%2C372\" data-orig-size=\"275,372\" data-comments-opened=\"1\" data-image-meta=\"{&quot;aperture&quot;:&quot;0&quot;,&quot;credit&quot;:&quot;&quot;,&quot;camera&quot;:&quot;&quot;,&quot;caption&quot;:&quot;&quot;,&quot;created_timestamp&quot;:&quot;0&quot;,&quot;copyright&quot;:&quot;&quot;,&quot;focal_length&quot;:&quot;0&quot;,&quot;iso&quot;:&quot;0&quot;,&quot;shutter_speed&quot;:&quot;0&quot;,&quot;title&quot;:&quot;&quot;,&quot;orientation&quot;:&quot;0&quot;}\" data-image-title=\"Capture d\u2019\u00e9cran 2016-01-23 \u00e0 23.43.30\" data-image-description=\"\" data-image-caption=\"\" data-medium-file=\"https:\/\/i0.wp.com\/songkol.com\/WordPress3\/wp-content\/uploads\/2016\/01\/Capture-d\u2019\u00e9cran-2016-01-23-\u00e0-23.43.30.jpg?fit=222%2C300\" data-large-file=\"https:\/\/i0.wp.com\/songkol.com\/WordPress3\/wp-content\/uploads\/2016\/01\/Capture-d\u2019\u00e9cran-2016-01-23-\u00e0-23.43.30.jpg?fit=275%2C372\" loading=\"lazy\" class=\"wp-image-6163 size-medium\" src=\"https:\/\/i0.wp.com\/songkol.com\/WordPress3\/wp-content\/uploads\/2016\/01\/Capture-d\u2019\u00e9cran-2016-01-23-\u00e0-23.43.30.jpg?resize=222%2C300\" alt=\"Zone de couverture SPOT\" width=\"222\" height=\"300\" srcset=\"https:\/\/i0.wp.com\/songkol.com\/WordPress3\/wp-content\/uploads\/2016\/01\/Capture-d\u2019\u00e9cran-2016-01-23-\u00e0-23.43.30.jpg?resize=222%2C300 222w, https:\/\/i0.wp.com\/songkol.com\/WordPress3\/wp-content\/uploads\/2016\/01\/Capture-d\u2019\u00e9cran-2016-01-23-\u00e0-23.43.30.jpg?w=275 275w\" sizes=\"(max-width: 222px) 100vw, 222px\" data-recalc-dims=\"1\" \/><\/a><p id=\"caption-attachment-6163\" class=\"wp-caption-text\">Zone de couverture SPOT<\/p><\/div>\n<p>Nous \u00e9tions \u00e9quip\u00e9 d&rsquo;une balise de tracking Spot <a href=\"http:\/\/www.findmespot.eu\/fr\/index.php?cid=101\" target=\"_blank\">premi\u00e8re g\u00e9n\u00e9ration<\/a>. Cette balise se trouve facilement d&rsquo;occase sur <a href=\"http:\/\/www.leboncoin.fr\/sports_hobbies\/offres\/languedoc_roussillon\/occasions\/?f=a&amp;th=1&amp;q=balise+spot\" target=\"_blank\">leboncoin<\/a>\u00a0(40\u20ac), l&rsquo;abonnement est de 100\u20ac\/an.\u00a0L\u00e9g\u00e8re et peu encombrante, elle est facile \u00e0 int\u00e9grer dans un coin du v\u00e9hicule ou de votre sac-\u00e0-dos. Elle a fonctionn\u00e9 2 ans\u00a0avec 2 piles AA au Lithium\u00a0(envoi de 250 positions).<br \/>\nA\u00a0l\u2019allumage elle fait le point, puis lorsqu\u2019on presse l\u2019un des boutons de messages pr\u00e9d\u00e9finis, elle tente d\u2019envoyer la position vers le satellite. Si le satellite re\u00e7oit le message, il retransmet l\u2019information sur des stations terrestres qui, selon le type du message, envoient la position vers des destinataires mails ou des services de s\u00e9curit\u00e9.<br \/>\nATTENTION : <strong>vous n&rsquo;avez aucun moyen de savoir si votre point est pass\u00e9 ou pas\u2026<\/strong> C&rsquo;est d&rsquo;autant plus g\u00eanant que la couverture mondiale n\u2019est pas totale : les satellites se situent en majorit\u00e9 au dessus de l&rsquo;h\u00e9misph\u00e8re nord. En temps normal il faut orienter la balise face au\u00a0ciel (l&rsquo;antenne GPS est sous le logo) mais \u00e0 Ushuaia j&rsquo;ai fini par l&rsquo;orienter face vers l&rsquo;horizon\u00a0pour qu&rsquo;elle attrape les quelques satellites qui passaient au-dessus de l&rsquo;horizon. Ca marche mais il faut pas compter sur cette balise pour d\u00e9clencher des secours en Terre de Feu\u2026<br \/>\n&gt; \u00a0<a title=\"Find Me Spot\" href=\"http:\/\/www.findmespot.eu\/fr\/\" target=\"_blank\">www.findmespot.eu<\/a><\/p>\n<h3><span style=\"color: #993300;\">Carte avec les points de votre balise<\/span><\/h3>\n<p>Spot ne laissant qu&rsquo;un historique assez court\u00a0sur son site officiel (7 jours dans mes souvenirs, peu importe le nombre de points) j&rsquo;ai utilis\u00e9 les services gratuits du site <a href=\"https:\/\/spotwalla.com\" target=\"_blank\">Spotwalla<\/a>. L&rsquo;id\u00e9e est de laisser \u00e0 ce site\u00a0l&rsquo;autorisation de recevoir les messages envoy\u00e9s par Spot. Ci-dessous, la ligne de code \u00e0 copier en mode texte dans la page du blog WordPress. N&rsquo;oubliez pas de t\u00e9l\u00e9charger l&rsquo;extension\u00a0<a href=\"https:\/\/fr.wordpress.org\/plugins\/iframe-embedder\/\" target=\"_blank\">Iframe Embedder<\/a>.\u00a0Remplacez le XXXXXXXX par l\u2019id de votre\u00a0balise (cf site Spotwala)<\/p>\n<blockquote>\n<div class=\"\"><strong>&lt;iframe class=\u00a0\u00bb\u00a0\u00bb style=\u00a0\u00bbwidth: 100%; height: 600px;\u00a0\u00bb src=\u00a0\u00bbhttps:\/\/spotwalla.com\/tripViewer.php?id=XXXXXXXXXXXXXXXXX&amp;amp;showInfo=no&amp;amp;showHome=yes&amp;amp;hoursPast=4320&amp;amp;fillFactor=100&amp;amp;zoomLevel=10&amp;amp;showWeather=no&amp;amp;units=C\u00a0\u00bb width=\u00a0\u00bb300&Prime; height=\u00a0\u00bb150&Prime; frameborder=\u00a0\u00bb0&Prime; scrolling=\u00a0\u00bbauto\u00a0\u00bb&gt;&lt;\/iframe&gt;<\/strong><\/div>\n<\/blockquote>\n<div class=\"\">D&rsquo;autres services semblent plus faciles \u00e0 ins\u00e9rer dans un blog WordPress. Je pense par exemple \u00e0\u00a0<a href=\"http:\/\/www.shareyourspot.com\" target=\"_blank\">shareyourspot.com<\/a><\/div>\n<div class=\"\"><\/div>\n<div class=\"\">Derni\u00e8re modification :\u00a0<span class=\"last-modified-timestamp\">Sep 19, 2016 @ 14 h 47 min<\/span><\/div>\n","protected":false},"excerpt":{"rendered":"<p>Spot,\u00a0Delorme InReach SE,\u2026 Il existe sur le march\u00e9 des balises de d\u00e9tresse que l\u2019on appelle PLB (Personal Locator Beacons) et des balises de tracking. Ces balises ont des fonctionnalit\u00e9s et usages diff\u00e9rents. Tout d\u00e9pend de vos besoins : informer vos proches occasionnellement pour les rassurer ou \u00eatre secouru au cours d&rsquo;un raid en zone perdue.\u00a0Les [&hellip;]<\/p>\n","protected":false},"author":2,"featured_media":0,"parent":61,"menu_order":6,"comment_status":"closed","ping_status":"closed","template":"","meta":{"spay_email":""},"jetpack_sharing_enabled":true,"jetpack_shortlink":"https:\/\/wp.me\/P4uy6M-1AW","jetpack_likes_enabled":true,"_links":{"self":[{"href":"http:\/\/songkol.com\/WordPress3\/wp-json\/wp\/v2\/pages\/6134"}],"collection":[{"href":"http:\/\/songkol.com\/WordPress3\/wp-json\/wp\/v2\/pages"}],"about":[{"href":"http:\/\/songkol.com\/WordPress3\/wp-json\/wp\/v2\/types\/page"}],"author":[{"embeddable":true,"href":"http:\/\/songkol.com\/WordPress3\/wp-json\/wp\/v2\/users\/2"}],"replies":[{"embeddable":true,"href":"http:\/\/songkol.com\/WordPress3\/wp-json\/wp\/v2\/comments?post=6134"}],"version-history":[{"count":24,"href":"http:\/\/songkol.com\/WordPress3\/wp-json\/wp\/v2\/pages\/6134\/revisions"}],"predecessor-version":[{"id":7037,"href":"http:\/\/songkol.com\/WordPress3\/wp-json\/wp\/v2\/pages\/6134\/revisions\/7037"}],"up":[{"embeddable":true,"href":"http:\/\/songkol.com\/WordPress3\/wp-json\/wp\/v2\/pages\/61"}],"wp:attachment":[{"href":"http:\/\/songkol.com\/WordPress3\/wp-json\/wp\/v2\/media?parent=6134"}],"curies":[{"name":"wp","href":"https:\/\/api.w.org\/{rel}","templated":true}]}}