{"id":61,"date":"2013-10-29T22:13:07","date_gmt":"2013-10-29T21:13:07","guid":{"rendered":"http:\/\/songkol.com\/WordPress3\/?page_id=61"},"modified":"2016-07-20T15:24:54","modified_gmt":"2016-07-20T13:24:54","slug":"preparatifs","status":"publish","type":"page","link":"http:\/\/songkol.com\/WordPress3\/preparatifs\/","title":{"rendered":"Le voyage"},"content":{"rendered":"<p><strong>Au quotidien, le voyageur au long cours\u00a0passe son temps \u00e0 chercher quelque chose. C&rsquo;est, \u00e0 chaque \u00e9tape, recr\u00e9er un r\u00e9seau autour de soi.<\/strong> Avec le temps, \u00e0 votre arriv\u00e9e dans un village, vous apprendrez \u00e0 rep\u00e9rer rapidement la ferreteria (magasin de bricolage), la lavanderia (laverie), le supermercado (supermarch\u00e9), le mercado central (march\u00e9 et petits bouibouis), le bivouac o\u00f9 vous pourriez passer une\u00a0nuit tranquille\u2026 Vous apprendrez aussi \u00e0 demander votre route et son \u00e9tat : poser trois fois la m\u00eame question pour recouper les infos.<\/p>\n<h2>Le voyage au quotidien c&rsquo;est<\/h2>\n<p><span style=\"color: #993300;\"><strong>Itin\u00e9raire :<\/strong>\u00a0<\/span>pr\u00e9parer son itin\u00e9raire depuis la France a son utilit\u00e9 mais ne n\u00e9gligez pas\u00a0les\u00a0infos glan\u00e9es sur place. Il faut le prendre comme un jeu. Demandez souvent l&rsquo;\u00e9tat de la route que vous allez emprunter, ou s&rsquo;il y a un bloqueo (barrage routier par des manifestants qui sont parfois violents). Les chauffeurs routiers,\u00a0la police et les soldats sont de bons conseils. Et prenez en compte l&rsquo;altitude !<br \/>\n&gt; Plus d&rsquo;infos : <a href=\"http:\/\/songkol.com\/WordPress3\/preparatifs\/itineraire\/\">carte de nos bivouacs<\/a>\u00a0&#8211; <a href=\"http:\/\/songkol.com\/WordPress3\/preparatifs\/points-gps-a-telecharger\/\">points GPS \u00e0 t\u00e9l\u00e9charger<\/a> &#8211; p<a href=\"http:\/\/songkol.com\/WordPress3\/preparatifs\/comment-etablir-son-itineraire\/\">r\u00e9parer son itin\u00e9raire<\/a> &#8211; \u00a0<a href=\"http:\/\/songkol.com\/WordPress3\/preparatifs\/banques-guides-cartes\/\">guides, cartes, banques<\/a> &#8211; <a href=\"http:\/\/songkol.com\/WordPress3\/preparatifs\/sites-forums-utiles\/\">sites et forums utiles<\/a> &#8211; <a href=\"http:\/\/songkol.com\/WordPress3\/preparatifs\/sante-altitude\/\">sant\u00e9 et altitude<\/a>\u00a0&#8211; <a href=\"http:\/\/songkol.com\/WordPress3\/preparatifs\/evaluer-la-securite-d-une-region\/\">comment \u00e9valuer la s\u00e9curit\u00e9 d&rsquo;une zone travers\u00e9e<\/a><\/p>\n<p><strong><span style=\"color: #993300;\">Internet : <\/span><\/strong>la 3G inonde toute l&rsquo;Am\u00e9rique du Sud, m\u00eame en Bolivie dans les grandes agglom\u00e9rations. Plut\u00f4t que de courir apr\u00e8s les spots wifi gratuits (et satur\u00e9s\u2026), achetez des cartes SIM locales et activez le \u00ab\u00a0partage de connexion\u00a0\u00bb de votre t\u00e9l\u00e9phone.<strong><span style=\"color: #993300;\"><br \/>\n<\/span><\/strong>&gt; Plus d&rsquo;infos : <a href=\"http:\/\/songkol.com\/WordPress3\/preparatifs\/internet-en-voyage\/\">internet en voyage<\/a>\u00a0&#8211; <a href=\"http:\/\/songkol.com\/WordPress3\/preparatifs\/choisir-un-ordinateur-de-voyage\/\">choisir un ordinateur de voyage<\/a><\/p>\n<p><strong><span style=\"color: #993300;\">Carburant\u00a0:<\/span> <\/strong>choisir une station bien fr\u00e9quent\u00e9e. Prenez\u00a0le carburant le plus cher. TRES IMPORTANT : monter un\u00a0<a href=\"http:\/\/www.euro4x4parts.com\/frp1002\" target=\"_blank\">filtre 500 FG (Parker)<\/a> populaire chez les 4\u00d74 qui filtre et s\u00e9pare l\u2019eau du diesel par la force centrifuge.<br \/>\n&gt; Plus d&rsquo;infos : <a href=\"http:\/\/songkol.com\/WordPress3\/preparation\/a-penser-avant-la-preparation\/\">conseils g\u00e9n\u00e9raux sur la pr\u00e9paration du v\u00e9hicule<\/a> &#8211; \u00a0<a href=\"http:\/\/songkol.com\/WordPress3\/preparation\/choix-du-vehicule\/\">choix du v\u00e9hicule<\/a> &#8211;\u00a0<a href=\"http:\/\/songkol.com\/WordPress3\/preparation\/revision-et-preparation-du-vehicule\/\">r\u00e9vision et pr\u00e9paration du v\u00e9hicule avant de partir<\/a><\/p>\n<p><span style=\"color: #993300;\"><strong>Check-up du v\u00e9hicule :<\/strong><\/span> Faire un contr\u00f4le visuel quotidien avec une attention particuli\u00e8re sur les suintements, le ch\u00e2ssis, les pneus,\u2026 et \u00eatre \u00e0 l\u2019\u00e9coute des bruits suspects.<br \/>\n&gt; Plus d&rsquo;infos :\u00a0<a href=\"http:\/\/songkol.com\/WordPress3\/preparation\/entretien-pendant-le-voyage\/\">entretien pendant le voyage<\/a>\u00a0&#8211; <a href=\"http:\/\/songkol.com\/WordPress3\/preparation\/preparation-et-assistance-technique\/\">assistance m\u00e9ca en France<\/a><\/p>\n<p><span style=\"color: #993300;\"><strong>Eau :<\/strong> <\/span>nous avons fait tous les pleins d&rsquo;eau gratuitement dans les stations service o\u00f9 nous faisions nos pleins. Une seule\u00a0turista \u00e0 d\u00e9clarer.\u00a0 IMPORTANT : acheter un double jeu de raccords des trois diff\u00e9rents diam\u00e8tres de robinets.<br \/>\n&gt; Plus d&rsquo;infos : <a href=\"http:\/\/songkol.com\/WordPress3\/preparation\/cellule-du-camping-car\/\">\u00e9quipement de la cellule<\/a><\/p>\n<p><strong><span style=\"color: #993300;\">Lessive :<\/span>\u00a0<\/strong>il y a des lavanderias (laveries) partout. En r\u00e8gle g\u00e9n\u00e9rale, on d\u00e9pose son linge sale le matin et on le r\u00e9cup\u00e8re en fin de journ\u00e9e, ou le lendemain. Il ne faut pas s&rsquo;attendre \u00e0 r\u00e9cup\u00e9rer des affaires impeccables\u00a0mais c&rsquo;est propre et \u00e7a sent bon!<br \/>\n&gt; Plus d&rsquo;infos : <a href=\"http:\/\/songkol.com\/WordPress3\/preparatifs\/enfants\/\">liste v\u00eatements enfants<\/a><\/p>\n<p><span style=\"color: #993300;\"><strong>Gaz :<\/strong> <\/span>vous ferez tout votre voyage avec vos bouteilles fran\u00e7aises. Le petit jeu est de trouver les usines \u00e0 gaz \u00e0 qui vous demanderez un remplissage (points GPS sur notre blog prochainement et sinon sur\u00a0<a href=\"http:\/\/iOverlander.com\" target=\"_blank\">iOverlander<\/a>). Privil\u00e9gier le propane qui ne g\u00e8le pas.<br \/>\n&gt; Plus d&rsquo;infos :\u00a0<a href=\"http:\/\/songkol.com\/WordPress3\/preparation\/cellule-du-camping-car\/\">\u00e9quipement de la cellule<\/a><\/p>\n<p><span style=\"color: #993300;\"><strong>Bivouac :<\/strong> <\/span>chercher le bivouac au plus tard 1h avant le coucher du soleil. Soit vous improvisez avec les locaux soit vous avez une liste de bivouacs (points GPS r\u00e9cup\u00e9r\u00e9s sur <a href=\"http:\/\/ioverlander.com\" target=\"_blank\">iOverlander<\/a>, les blogs,\u2026). Nous n&rsquo;avons jamais \u00e9t\u00e9 emb\u00eat\u00e9 et encore moins agress\u00e9. N&rsquo;oubliez pas de prendre\u00a0en compte l&rsquo;altitude !<br \/>\n&gt; Plus d&rsquo;infos :\u00a0<a href=\"http:\/\/songkol.com\/WordPress3\/preparatifs\/itineraire\/\">carte de nos bivouacs<\/a>\u00a0&#8211;\u00a0<a href=\"http:\/\/songkol.com\/WordPress3\/preparatifs\/banques-guides-cartes\/\">Guides, cartes, banques<\/a>\u00a0&#8211;\u00a0<a href=\"http:\/\/songkol.com\/WordPress3\/preparatifs\/sites-forums-utiles\/\">Sites et forums utiles<\/a>\u00a0&#8211;\u00a0<a href=\"http:\/\/songkol.com\/WordPress3\/preparatifs\/sante-altitude\/\">sant\u00e9 et altitude<\/a>\u00a0&#8211;\u00a0<a href=\"http:\/\/songkol.com\/WordPress3\/preparatifs\/evaluer-la-securite-d-une-region\/\">comment \u00e9valuer la s\u00e9curit\u00e9 d&rsquo;une zone travers\u00e9e<\/a><\/p>\n<p><strong><span style=\"color: #993300;\">Passage des fronti\u00e8res :<\/span>\u00a0<\/strong>tout s&rsquo;est bien pass\u00e9 pour nous mais un voyage peut s&rsquo;arr\u00eater d&rsquo;un coup m\u00eame si tous vos papiers sont en r\u00e8gle. Tout simplement parce qu&rsquo;un douanier peut vous refuser l&rsquo;acc\u00e8s \u00e0 son pays, sans motifs \u00e0 donner. Rassurez-vous, cela\u00a0arrive rarement.<br \/>\n&gt; Plus d&rsquo;infos : <a href=\"http:\/\/songkol.com\/WordPress3\/preparatifs\/passage-de-frontiere\/\">conseils pour passer une fronti\u00e8re<\/a>\u00a0&#8211; <a href=\"http:\/\/songkol.com\/WordPress3\/preparatifs\/balise-spot\/\">balises satellite Spot et Delorme<\/a><\/p>\n<p>Derni\u00e8re modification :\u00a0<span class=\"last-modified-timestamp\">Juil 20, 2016 @ 15 h 24 min<\/span><\/p>\n","protected":false},"excerpt":{"rendered":"<p>Au quotidien, le voyageur au long cours\u00a0passe son temps \u00e0 chercher quelque chose. C&rsquo;est, \u00e0 chaque \u00e9tape, recr\u00e9er un r\u00e9seau autour de soi. Avec le temps, \u00e0 votre arriv\u00e9e dans un village, vous apprendrez \u00e0 rep\u00e9rer rapidement la ferreteria (magasin de bricolage), la lavanderia (laverie), le supermercado (supermarch\u00e9), le mercado central (march\u00e9 et petits bouibouis), [&hellip;]<\/p>\n","protected":false},"author":3,"featured_media":0,"parent":0,"menu_order":1,"comment_status":"open","ping_status":"closed","template":"","meta":{"spay_email":""},"jetpack_sharing_enabled":true,"jetpack_shortlink":"https:\/\/wp.me\/P4uy6M-Z","jetpack_likes_enabled":true,"_links":{"self":[{"href":"http:\/\/songkol.com\/WordPress3\/wp-json\/wp\/v2\/pages\/61"}],"collection":[{"href":"http:\/\/songkol.com\/WordPress3\/wp-json\/wp\/v2\/pages"}],"about":[{"href":"http:\/\/songkol.com\/WordPress3\/wp-json\/wp\/v2\/types\/page"}],"author":[{"embeddable":true,"href":"http:\/\/songkol.com\/WordPress3\/wp-json\/wp\/v2\/users\/3"}],"replies":[{"embeddable":true,"href":"http:\/\/songkol.com\/WordPress3\/wp-json\/wp\/v2\/comments?post=61"}],"version-history":[{"count":59,"href":"http:\/\/songkol.com\/WordPress3\/wp-json\/wp\/v2\/pages\/61\/revisions"}],"predecessor-version":[{"id":6900,"href":"http:\/\/songkol.com\/WordPress3\/wp-json\/wp\/v2\/pages\/61\/revisions\/6900"}],"wp:attachment":[{"href":"http:\/\/songkol.com\/WordPress3\/wp-json\/wp\/v2\/media?parent=61"}],"curies":[{"name":"wp","href":"https:\/\/api.w.org\/{rel}","templated":true}]}}