{"id":1925,"date":"2014-04-29T10:35:59","date_gmt":"2014-04-29T14:35:59","guid":{"rendered":"http:\/\/songkol.com\/WordPress3\/wp-content\/uploads\/2014\/04\/calingasta13.jpg"},"modified":"2016-02-15T12:25:06","modified_gmt":"2016-02-15T11:25:06","slug":"calingasta13","status":"inherit","type":"attachment","link":"http:\/\/songkol.com\/WordPress3\/calingasta13\/","title":{"rendered":"BARREAL \/ Pampa de Leoncito (lac ass\u00e9ch\u00e9) : et on va o\u00f9 maintenant ?"},"author":2,"comment_status":"open","ping_status":"open","template":"","meta":{"spay_email":""},"jetpack_sharing_enabled":true,"jetpack_shortlink":"https:\/\/wp.me\/a4uy6M-v3","jetpack_likes_enabled":true,"description":{"rendered":"<p class=\"attachment\"><a href='https:\/\/i0.wp.com\/songkol.com\/WordPress3\/wp-content\/uploads\/2014\/04\/calingasta13.jpg'><img width=\"300\" height=\"200\" src=\"https:\/\/i0.wp.com\/songkol.com\/WordPress3\/wp-content\/uploads\/2014\/04\/calingasta13.jpg?fit=300%2C200\" class=\"attachment-medium size-medium\" alt=\"\" loading=\"lazy\" srcset=\"https:\/\/i0.wp.com\/songkol.com\/WordPress3\/wp-content\/uploads\/2014\/04\/calingasta13.jpg?w=1024 1024w, https:\/\/i0.wp.com\/songkol.com\/WordPress3\/wp-content\/uploads\/2014\/04\/calingasta13.jpg?resize=300%2C200 300w\" sizes=\"(max-width: 300px) 100vw, 300px\" data-attachment-id=\"1925\" data-permalink=\"http:\/\/songkol.com\/WordPress3\/calingasta13\/\" data-orig-file=\"https:\/\/i0.wp.com\/songkol.com\/WordPress3\/wp-content\/uploads\/2014\/04\/calingasta13.jpg?fit=1024%2C683\" data-orig-size=\"1024,683\" data-comments-opened=\"1\" data-image-meta=\"{&quot;aperture&quot;:&quot;11&quot;,&quot;credit&quot;:&quot;&quot;,&quot;camera&quot;:&quot;Canon EOS 5D&quot;,&quot;caption&quot;:&quot;&quot;,&quot;created_timestamp&quot;:&quot;1398106201&quot;,&quot;copyright&quot;:&quot;&quot;,&quot;focal_length&quot;:&quot;17&quot;,&quot;iso&quot;:&quot;400&quot;,&quot;shutter_speed&quot;:&quot;0.004&quot;,&quot;title&quot;:&quot;&quot;}\" data-image-title=\"BARREAL \/ Pampa de Leoncito (lac ass\u00e9ch\u00e9) : et on va o\u00f9 maintenant ?\" data-image-description=\"\" data-image-caption=\"&lt;p&gt;BARREAL \/ Pampa de Leoncito (lac ass\u00e9ch\u00e9) : et on va o\u00f9 maintenant ?&lt;\/p&gt;\n\" data-medium-file=\"https:\/\/i0.wp.com\/songkol.com\/WordPress3\/wp-content\/uploads\/2014\/04\/calingasta13.jpg?fit=300%2C200\" data-large-file=\"https:\/\/i0.wp.com\/songkol.com\/WordPress3\/wp-content\/uploads\/2014\/04\/calingasta13.jpg?fit=768%2C512\" \/><\/a><\/p>\n"},"caption":{"rendered":"<p>BARREAL \/ Pampa de Leoncito (lac ass\u00e9ch\u00e9) : et on va o\u00f9 maintenant ?<\/p>\n"},"alt_text":"","media_type":"image","mime_type":"image\/jpeg","media_details":{"width":1024,"height":683,"file":"2014\/04\/calingasta13.jpg","sizes":{"thumbnail":{"file":"calingasta13-150x150.jpg","width":150,"height":150,"mime_type":"image\/jpeg","source_url":"https:\/\/i0.wp.com\/songkol.com\/WordPress3\/wp-content\/uploads\/2014\/04\/calingasta13.jpg?resize=150%2C150"},"medium":{"file":"calingasta13-300x200.jpg","width":300,"height":200,"mime_type":"image\/jpeg","source_url":"https:\/\/i0.wp.com\/songkol.com\/WordPress3\/wp-content\/uploads\/2014\/04\/calingasta13.jpg?fit=300%2C200"},"full":{"file":"calingasta13.jpg?fit=1024%2C683","width":1024,"height":683,"mime_type":"image\/jpeg","source_url":"https:\/\/i0.wp.com\/songkol.com\/WordPress3\/wp-content\/uploads\/2014\/04\/calingasta13.jpg?fit=1024%2C683"}},"image_meta":{"aperture":11,"credit":"","camera":"Canon EOS 5D","caption":"","created_timestamp":1398106201,"copyright":"","focal_length":"17","iso":"400","shutter_speed":"0.004","title":""}},"post":null,"source_url":"http:\/\/songkol.com\/WordPress3\/wp-content\/uploads\/2014\/04\/calingasta13.jpg","_links":{"self":[{"href":"http:\/\/songkol.com\/WordPress3\/wp-json\/wp\/v2\/media\/1925"}],"collection":[{"href":"http:\/\/songkol.com\/WordPress3\/wp-json\/wp\/v2\/media"}],"about":[{"href":"http:\/\/songkol.com\/WordPress3\/wp-json\/wp\/v2\/types\/attachment"}],"author":[{"embeddable":true,"href":"http:\/\/songkol.com\/WordPress3\/wp-json\/wp\/v2\/users\/2"}],"replies":[{"embeddable":true,"href":"http:\/\/songkol.com\/WordPress3\/wp-json\/wp\/v2\/comments?post=1925"}]}}

BARREAL / Pampa de Leoncito (lac asséché) : et on va où maintenant ?

<p class="attachment"><a href='https://i0.wp.com/songkol.com/WordPress3/wp-content/uploads/2014/04/calingasta13.jpg'><img width="300" height="200" src="https://i0.wp.com/songkol.com/WordPress3/wp-content/uploads/2014/04/calingasta13.jpg?fit=300%2C200" class="attachment-medium size-medium" alt="" loading="lazy" srcset="https://i0.wp.com/songkol.com/WordPress3/wp-content/uploads/2014/04/calingasta13.jpg?w=1024 1024w, https://i0.wp.com/songkol.com/WordPress3/wp-content/uploads/2014/04/calingasta13.jpg?resize=300%2C200 300w" sizes="(max-width: 300px) 100vw, 300px" data-attachment-id="1925" data-permalink="http://songkol.com/WordPress3/calingasta13/" data-orig-file="https://i0.wp.com/songkol.com/WordPress3/wp-content/uploads/2014/04/calingasta13.jpg?fit=1024%2C683" data-orig-size="1024,683" data-comments-opened="1" data-image-meta="{&quot;aperture&quot;:&quot;11&quot;,&quot;credit&quot;:&quot;&quot;,&quot;camera&quot;:&quot;Canon EOS 5D&quot;,&quot;caption&quot;:&quot;&quot;,&quot;created_timestamp&quot;:&quot;1398106201&quot;,&quot;copyright&quot;:&quot;&quot;,&quot;focal_length&quot;:&quot;17&quot;,&quot;iso&quot;:&quot;400&quot;,&quot;shutter_speed&quot;:&quot;0.004&quot;,&quot;title&quot;:&quot;&quot;}" data-image-title="BARREAL / Pampa de Leoncito (lac asséché) : et on va où maintenant ?" data-image-description="" data-image-caption="&lt;p&gt;BARREAL / Pampa de Leoncito (lac asséché) : et on va où maintenant ?&lt;/p&gt;
" data-medium-file="https://i0.wp.com/songkol.com/WordPress3/wp-content/uploads/2014/04/calingasta13.jpg?fit=300%2C200" data-large-file="https://i0.wp.com/songkol.com/WordPress3/wp-content/uploads/2014/04/calingasta13.jpg?fit=768%2C512" /></a></p>

<p>BARREAL / Pampa de Leoncito (lac asséché) : et on va où maintenant ?</p>
